[INFO] cloning repository https://github.com/sgrif/notepad_logger
[INFO] running `Command { std: "git" "-c" "credential.helper=" "-c" "credential.helper=/workspace/cargo-home/bin/git-credential-null" "clone" "--bare" "https://github.com/sgrif/notepad_logger" "/workspace/cache/git-repos/https%3A%2F%2Fgithub.com%2Fsgrif%2Fnotepad_logger", kill_on_drop: false }`
[INFO] [stderr] Cloning into bare repository '/workspace/cache/git-repos/https%3A%2F%2Fgithub.com%2Fsgrif%2Fnotepad_logger'...
[INFO] running `Command { std: "git" "rev-parse" "HEAD", kill_on_drop: false }`
[INFO] [stdout] 612b3645deed93e22635bc1b8085aedb0dd3729f
[INFO] checking sgrif/notepad_logger against master#af3c6e733a40e671550e0f0f5aeecaa13772ba56 for pr-74989
[INFO] running `Command { std: "git" "clone" "/workspace/cache/git-repos/https%3A%2F%2Fgithub.com%2Fsgrif%2Fnotepad_logger" "/workspace/builds/worker-13/source", kill_on_drop: false }`
[INFO] [stderr] Cloning into '/workspace/builds/worker-13/source'...
[INFO] [stderr] done.
[INFO] validating manifest of git repo https://github.com/sgrif/notepad_logger on toolchain af3c6e733a40e671550e0f0f5aeecaa13772ba56
[INFO] running `Command { std: "/workspace/cargo-home/bin/cargo" "+af3c6e733a40e671550e0f0f5aeecaa13772ba56" "read-manifest" "--manifest-path" "Cargo.toml", kill_on_drop: false }`
[INFO] started tweaking git repo https://github.com/sgrif/notepad_logger
[INFO] finished tweaking git repo https://github.com/sgrif/notepad_logger
[INFO] tweaked toml for git repo https://github.com/sgrif/notepad_logger written to /workspace/builds/worker-13/source/Cargo.toml
[INFO] crate git repo https://github.com/sgrif/notepad_logger already has a lockfile, it will not be regenerated
[INFO] running `Command { std: "/workspace/cargo-home/bin/cargo" "+af3c6e733a40e671550e0f0f5aeecaa13772ba56" "fetch" "--locked" "--manifest-path" "Cargo.toml", kill_on_drop: false }`
[INFO] running `Command { std: "docker" "create" "-v" "/var/lib/crater-agent-workspace/builds/worker-13/target:/opt/rustwide/target:rw,Z" "-v" "/var/lib/crater-agent-workspace/builds/worker-13/source:/opt/rustwide/workdir:ro,Z" "-v" "/var/lib/crater-agent-workspace/cargo-home:/opt/rustwide/cargo-home:ro,Z" "-v" "/var/lib/crater-agent-workspace/rustup-home:/opt/rustwide/rustup-home:ro,Z" "-e" "SOURCE_DIR=/opt/rustwide/workdir" "-e" "CARGO_TARGET_DIR=/opt/rustwide/target" "-e" "CARGO_HOME=/opt/rustwide/cargo-home" "-e" "RUSTUP_HOME=/opt/rustwide/rustup-home" "-w" "/opt/rustwide/workdir" "-m" "1610612736" "--user" "0:0" "--network" "none" "rustops/crates-build-env@sha256:d92eaeed33fa75130ca1ee6c8a01d1ffb62bac859dfdfb3450e3e5d1c0146529" "/opt/rustwide/cargo-home/bin/cargo" "+af3c6e733a40e671550e0f0f5aeecaa13772ba56" "metadata" "--no-deps" "--format-version=1", kill_on_drop: false }`
[INFO] [stdout] 00bec2d8f706cdc9d83ab69d41023351940a4dde16261f02137ff1f5e5ef4378
[INFO] [stderr] WARNING: Your kernel does not support swap limit capabilities or the cgroup is not mounted. Memory limited without swap.
[INFO] running `Command { std: "docker" "start" "-a" "00bec2d8f706cdc9d83ab69d41023351940a4dde16261f02137ff1f5e5ef4378", kill_on_drop: false }`
[INFO] running `Command { std: "docker" "inspect" "00bec2d8f706cdc9d83ab69d41023351940a4dde16261f02137ff1f5e5ef4378", kill_on_drop: false }`
[INFO] running `Command { std: "docker" "rm" "-f" "00bec2d8f706cdc9d83ab69d41023351940a4dde16261f02137ff1f5e5ef4378", kill_on_drop: false }`
[INFO] [stdout] 00bec2d8f706cdc9d83ab69d41023351940a4dde16261f02137ff1f5e5ef4378
[INFO] running `Command { std: "docker" "create" "-v" "/var/lib/crater-agent-workspace/builds/worker-13/target:/opt/rustwide/target:rw,Z" "-v" "/var/lib/crater-agent-workspace/builds/worker-13/source:/opt/rustwide/workdir:ro,Z" "-v" "/var/lib/crater-agent-workspace/cargo-home:/opt/rustwide/cargo-home:ro,Z" "-v" "/var/lib/crater-agent-workspace/rustup-home:/opt/rustwide/rustup-home:ro,Z" "-e" "SOURCE_DIR=/opt/rustwide/workdir" "-e" "CARGO_TARGET_DIR=/opt/rustwide/target" "-e" "CARGO_INCREMENTAL=0" "-e" "RUST_BACKTRACE=full" "-e" "RUSTFLAGS=--cap-lints=forbid" "-e" "CARGO_HOME=/opt/rustwide/cargo-home" "-e" "RUSTUP_HOME=/opt/rustwide/rustup-home" "-w" "/opt/rustwide/workdir" "-m" "1610612736" "--user" "0:0" "--network" "none" "rustops/crates-build-env@sha256:d92eaeed33fa75130ca1ee6c8a01d1ffb62bac859dfdfb3450e3e5d1c0146529" "/opt/rustwide/cargo-home/bin/cargo" "+af3c6e733a40e671550e0f0f5aeecaa13772ba56" "check" "--frozen" "--all" "--all-targets" "--message-format=json", kill_on_drop: false }`
[INFO] [stdout] 138e4033302aeaa0c20e1e0d8e64234d925cfe989d76105591c07a25cbe5203b
[INFO] [stderr] WARNING: Your kernel does not support swap limit capabilities or the cgroup is not mounted. Memory limited without swap.
[INFO] running `Command { std: "docker" "start" "-a" "138e4033302aeaa0c20e1e0d8e64234d925cfe989d76105591c07a25cbe5203b", kill_on_drop: false }`
[INFO] [stderr]    Compiling winapi v0.3.8
[INFO] [stderr]     Checking log v0.4.8
[INFO] [stderr]     Checking notepad_logger v0.1.1 (/opt/rustwide/workdir)
[INFO] [stdout] error[E0433]: failed to resolve: could not find `um` in `winapi`
[INFO] [stdout]  --> src/lib.rs:1:13
[INFO] [stdout]   |
[INFO] [stdout] 1 | use winapi::um::winuser::{FindWindowA, FindWindowExA, SendMessageA, EM_REPLACESEL};
[INFO] [stdout]   |             ^^ could not find `um` in `winapi`
[INFO] [stdout] 
[INFO] [stdout] 
[INFO] [stdout] error[E0425]: cannot find function, tuple struct or tuple variant `FindWindowA` in this scope
[INFO] [stdout]   --> src/lib.rs:34:27
[INFO] [stdout]    |
[INFO] [stdout] 34 |         let mut notepad = FindWindowA(ptr::null(), cstr!("Untitled - Notepad"));
[INFO] [stdout]    |                           ^^^^^^^^^^^ not found in this scope
[INFO] [stdout] 
[INFO] [stdout] 
[INFO] [stdout] error[E0425]: cannot find function, tuple struct or tuple variant `FindWindowA` in this scope
[INFO] [stdout]   --> src/lib.rs:36:23
[INFO] [stdout]    |
[INFO] [stdout] 36 |             notepad = FindWindowA(ptr::null(), cstr!("*Untitled - Notepad"));
[INFO] [stdout]    |                       ^^^^^^^^^^^ not found in this scope
[INFO] [stdout] 
[INFO] [stdout] 
[INFO] [stdout] error[E0425]: cannot find function, tuple struct or tuple variant `FindWindowExA` in this scope
[INFO] [stdout]   --> src/lib.rs:41:20
[INFO] [stdout]    |
[INFO] [stdout] 41 |         let edit = FindWindowExA(notepad, ptr::null_mut(), cstr!("EDIT"), ptr::null());
[INFO] [stdout]    |                    ^^^^^^^^^^^^^ not found in this scope
[INFO] [stdout] 
[INFO] [stdout] 
[INFO] [stdout] error[E0425]: cannot find function, tuple struct or tuple variant `SendMessageA` in this scope
[INFO] [stdout]   --> src/lib.rs:43:9
[INFO] [stdout]    |
[INFO] [stdout] 43 |         SendMessageA(edit, EM_REPLACESEL as _, true as _, c_string.as_ptr() as _);
[INFO] [stdout]    |         ^^^^^^^^^^^^ not found in this scope
[INFO] [stdout] 
[INFO] [stdout] 
[INFO] [stdout] error[E0425]: cannot find value `EM_REPLACESEL` in this scope
[INFO] [stdout]   --> src/lib.rs:43:28
[INFO] [stdout]    |
[INFO] [stdout] 43 |         SendMessageA(edit, EM_REPLACESEL as _, true as _, c_string.as_ptr() as _);
[INFO] [stdout]    |                            ^^^^^^^^^^^^^ not found in this scope
[INFO] [stdout] 
[INFO] [stdout] 
[INFO] [stdout] error: aborting due to 6 previous errors
[INFO] [stdout] 
[INFO] [stdout] 
[INFO] [stdout] Some errors have detailed explanations: E0425, E0433.
[INFO] [stdout] 
[INFO] [stdout] For more information about an error, try `rustc --explain E0425`.
[INFO] [stdout] 
[INFO] [stdout] error[E0433]: failed to resolve: could not find `um` in `winapi`
[INFO] [stdout]  --> src/lib.rs:1:13
[INFO] [stdout]   |
[INFO] [stdout] 1 | use winapi::um::winuser::{FindWindowA, FindWindowExA, SendMessageA, EM_REPLACESEL};
[INFO] [stdout]   |             ^^ could not find `um` in `winapi`
[INFO] [stdout] 
[INFO] [stdout] 
[INFO] [stderr] error: could not compile `notepad_logger`.
[INFO] [stderr] 
[INFO] [stderr] To learn more, run the command again with --verbose.
[INFO] [stderr] warning: build failed, waiting for other jobs to finish...
[INFO] [stdout] error[E0425]: cannot find function, tuple struct or tuple variant `FindWindowA` in this scope
[INFO] [stdout]   --> src/lib.rs:34:27
[INFO] [stdout]    |
[INFO] [stdout] 34 |         let mut notepad = FindWindowA(ptr::null(), cstr!("Untitled - Notepad"));
[INFO] [stdout]    |                           ^^^^^^^^^^^ not found in this scope
[INFO] [stdout] 
[INFO] [stdout] 
[INFO] [stdout] error[E0425]: cannot find function, tuple struct or tuple variant `FindWindowA` in this scope
[INFO] [stdout]   --> src/lib.rs:36:23
[INFO] [stdout]    |
[INFO] [stdout] 36 |             notepad = FindWindowA(ptr::null(), cstr!("*Untitled - Notepad"));
[INFO] [stdout]    |                       ^^^^^^^^^^^ not found in this scope
[INFO] [stdout] 
[INFO] [stdout] 
[INFO] [stdout] error[E0425]: cannot find function, tuple struct or tuple variant `FindWindowExA` in this scope
[INFO] [stdout]   --> src/lib.rs:41:20
[INFO] [stdout]    |
[INFO] [stdout] 41 |         let edit = FindWindowExA(notepad, ptr::null_mut(), cstr!("EDIT"), ptr::null());
[INFO] [stdout]    |                    ^^^^^^^^^^^^^ not found in this scope
[INFO] [stdout] 
[INFO] [stdout] 
[INFO] [stdout] error[E0425]: cannot find function, tuple struct or tuple variant `SendMessageA` in this scope
[INFO] [stdout]   --> src/lib.rs:43:9
[INFO] [stdout]    |
[INFO] [stdout] 43 |         SendMessageA(edit, EM_REPLACESEL as _, true as _, c_string.as_ptr() as _);
[INFO] [stdout]    |         ^^^^^^^^^^^^ not found in this scope
[INFO] [stdout] 
[INFO] [stdout] 
[INFO] [stdout] error[E0425]: cannot find value `EM_REPLACESEL` in this scope
[INFO] [stdout]   --> src/lib.rs:43:28
[INFO] [stdout]    |
[INFO] [stdout] 43 |         SendMessageA(edit, EM_REPLACESEL as _, true as _, c_string.as_ptr() as _);
[INFO] [stdout]    |                            ^^^^^^^^^^^^^ not found in this scope
[INFO] [stdout] 
[INFO] [stdout] 
[INFO] [stdout] error: aborting due to 6 previous errors
[INFO] [stdout] 
[INFO] [stdout] 
[INFO] [stdout] Some errors have detailed explanations: E0425, E0433.
[INFO] [stdout] 
[INFO] [stdout] For more information about an error, try `rustc --explain E0425`.
[INFO] [stdout] 
[INFO] [stderr] error: build failed
[INFO] running `Command { std: "docker" "inspect" "138e4033302aeaa0c20e1e0d8e64234d925cfe989d76105591c07a25cbe5203b", kill_on_drop: false }`
[INFO] running `Command { std: "docker" "rm" "-f" "138e4033302aeaa0c20e1e0d8e64234d925cfe989d76105591c07a25cbe5203b", kill_on_drop: false }`
[INFO] [stdout] 138e4033302aeaa0c20e1e0d8e64234d925cfe989d76105591c07a25cbe5203b
